ine c(-5).
1298
Let o(d) = -10*d**2 - 1198*d - 12930. Calculate o(-12).
6
Let w(v) = -721586*v + 20204405. Determine w(28).
-3
Let b(v) = -121*v**3 + 6*v**2 + 16*v + 55. Calculate b(-3).
3328
Let j(l) = -l**2 - 3641*l + 36493. Give j(10).
-17
Let m(y) = 4*y**2 - 1957*y + 151257. Calculate m(96).
249
Let s(l) = 54*l**2 + 32151*l + 12493. Give s(-595).
-2
Let j(l) = -1368*l - 72499. Give j(-53).
5
Let i(n) = -3431*n - 8049. Give i(-2).
-1187
Let j(v) = -v**3 + 24*v**2 + 253*v + 331. Give j(-8).
355
Let y(b) = 2*b**2 - 19657*b - 10. Give y(0).
-10
Let k(v) = 3*v**3 + 210*v**2 + 1254*v + 304. Calculate k(-6).
-308
Let c(t) = -t**3 - 32*t**2 + 46*t + 193. What is c(-34)?
941
Let v(j) = 606*j**3 + 4*j**2 - 8*j + 7. Give v(1).
609
Let c(m) = -6*m**3 + 84*m**2 - 122*m + 3193. Determine c(15).
13
Let x(k) = -k**3 + 93*k**2 - 93*k - 445. Give x(92).
-537
Let j(l) = l**3 - 142*l**2 - 178*l + 5050. Give j(143).
45
Let j(x) = 837*x - 2110. Calculate j(3).
401
Let u(d) = 12*d**2 + 231*d + 1171. Give u(-7).
142
Let x(c) = 2278*c + 4444. What is x(-2)?
-112
Let w(b) = -5*b**2 - 34030*b + 579939. Give w(17).
-16
Let w(r) = r**3 - 44*r**2 - 130*r - 637. What is w(47)?
-120
Let o(h) = 2*h**2 + 284*h - 11079. What is o(-174)?
57
Let a(g) = -2*g**3 - 78*g**2 + 30*g + 527. Determine a(-39).
-643
Let t(p) = p**3 - 125*p**2 + 1150*p + 34. Give t(10).
34
Let i(a) = -a**2 + 108872*a + 2177845. Determine i(-20).
5
Let c(g) = g**3 + 1218*g**2 - 9796*g + 12. Calculate c(8).
108
Let w(p) = 12*p**3 + 9*p**2 + 72*p + 112. Calculate w(-4).
-800
Let r(j) = -10*j**2 - 234*j + 200. What is r(-17)?
1288
Let h(f) = -162*f**3 + 4*f**2 - 19*f - 25. Give h(-2).
1325
Let p(b) = 4*b**3 + 2175*b**2 - 144*b + 217628. Give p(-544).
28
Let w(r) = -38*r**2 - 13*r + 8. Calculate w(1).
-43
Let y(b) = -7*b**2 + 145*b + 3738. Determine y(30).
1788
Let t(v) = -867*v**2 - 2523*v - 41. Determine t(-3).
-275
Let k(m) = 84*m + 703. Give k(-11).
-221
Let f(p) = -11*p**2 - 4792*p - 19145. Determine f(-4).
-153
Let q(k) = -10202*k + 846763. What is q(83)?
-3
Let m(v) = -599*v + 5330. Calculate m(9).
-61
Let f(m) = -43*m**2 + 216*m + 68. Calculate f(9).
-1471
Let v(d) = -d**3 + 74*d**2 - 328*d - 1132. Give v(69).
41
Let w(j) = -j**3 - 1157*j**2 + 29550*j - 25. Determine w(25).
-25
Let f(y) = -7*y**3 - 112*y**2 - 267*y - 92. Determine f(-2).
50
Let v(k) = -6*k**2 - 96*k - 326. Give v(-11).
4
Let u(v) = v**3 - 51*v**2 - 160*v - 138. Give u(54).
-30
Let q(g) = -9*g - 201. Calculate q(-64).
375
Let m(f) = -6*f**2 + 821*f - 5439. Determine m(130).
-109
Let b(l) = l**2 + 96*l + 1042. Calculate b(-83).
-37
Let g(p) = -4010*p + 52133. Give g(13).
3
Let t(n) = n**3 - 32*n**2 + 213*n - 187. What is t(9)?
-133
Let p(s) = -39*s**2 + 440*s + 890. Give p(13).
19
Let x(d) = 2856*d - 28573. Give x(10).
-13
Let u(j) = -j**3 - 62*j**2 - 155*j - 2282. What is u(-60)?
-182
Let j(t) = 95*t + 659. What is j(-2)?
469
Let m(p) = 25*p**2 + 8148*p + 47383. Determine m(-320).
23
Let b(j) = 162*j + 10674. Determine b(-68).
-342
Let b(c) = -16*c**3 - 596*c**2 - 161*c - 483. Give b(-37).
-2
Let j(w) = 25*w**2 - 11999*w - 289743. What is j(503)?
-15
Let d(k) = -k**3 + 238*k - 906. Determine d(0).
-906
Let i(q) = 17356*q + 12478983. Determine i(-719).
19
Let s(w) = 31742*w - 96482. Calculate s(3).
-1256
Let u(v) = v**3 + 36*v**2 - 26*v - 3001. Give u(-35).
-866
Let g(b) = 205*b**2 + 369*b - 13. Determine g(-2).
69
Let x(j) = -12*j**3 + 27*j**2 - 130*j - 768. Determine x(-6).
3576
Let j(t) = -3613*t - 231072. Give j(-64).
160
Let m(f) = -f**3 + 96*f**2 - 1653*f + 41410. Calculate m(82).
0
Let x(y) = -70*y**2 + 493*y - 372. Calculate x(6).
66
Let r(b) = 1684*b**2 + 95*b + 7. Determine r(-1).
1596
Let k(v) = -v**3 - v**2 + 20*v + 351. Give k(0).
351
Let s(c) = c**3 + 25*c**2 - 972*c - 127. Give s(-46).
149
Let r(u) = 3*u**3 + 6*u**2 - 15*u + 31. Give r(3).
121
Let n(f) = 6*f**3 + 927*f**2 - 62102*f + 2663. Calculate n(-205).
-2
Let g(l) = 79*l**2 - 3154*l - 294. Give g(40).
-54
Let n(h) = -38941*h + 194635. Calculate n(5).
-70
Let v(r) = 4436*r**2 - 638786*r + 295. Determine v(144).
7
Let s(x) = -41*x**2 - 1147*x + 1146. Give s(1).
-42
Let a(i) = i**3 + 5*i**2 - 6619*i + 19787. Determine a(3).
2
Let a(i) = 7*i**3 - 96*i**2 + 179*i - 53. What is a(10)?
-863
Let l(i) = -i**3 - 23*i**2 - 1973*i - 62256. What is l(-29)?
7
Let b(p) = -13898*p - 2265356. Give b(-163).
18
Let s(n) = 1683469*n + 1683485. Determine s(-1).
16
Let y(j) = -2*j**2 - 67712*j - 2299896. Determine y(-34).
0
Let h(x) = x**3 - 184*x**2 - 3639*x - 280. Give h(202).
-886
Let j(n) = -8410*n - 8453. What is j(-1)?
-43
Let a(u) = u**2 - 93*u + 829. Give a(94).
923
Let y(q) = -421*q + 3410. Determine y(7).
463
Let q(d) = -8*d**3 - 50*d**2 - 100*d - 977. Determine q(-7).
17
Let j(d) = d**3 - 304*d**2 + 2066*d + 92. Determine j(7).
1
Let s(f) = 15194*f + 273350. Calculate s(-18).
-142
Let g(d) = d**3 - 69*d**2 + 100*d - 11798. Determine g(70).
102
Let g(d) = -666*d**2 - 31311*d - 145. Calculate g(-47).
278
Let o(s) = 2*s**2 - 189*s + 2965. Calculate o(19).
96
Let z(y) = 4238*y - 148129. Determine z(35).
201
Let z(j) = 4*j**2 - 7368*j + 58691. Calculate z(8).
3
Let h(u) = u**2 + 28938*u + 1444404. Give h(-50).
4
Let c(b) = -8089*b + 80088. Determine c(10).
-802
Let x(u) = -2*u**2 - 726*u + 15363. Give x(22).
-1577
Let u(y) = 26656*y - 266577. Calculate u(10).
-17
Let q(a) = a**2 + 113*a - 795. What is q(-114)?
-681
Let f(m) = -152971*m - 611869. Calculate f(-4).
15
Let h(k) = -18*k**3 - 1657*k**2 - 64*k + 2573. What is h(-92)?
-3
Let u(g) = 22*g**2 + 5825*g + 87559. Calculate u(-16).
-9
Let p(o) = -o**3 - 12*o**2 - 4061*o - 36307. Give p(-9).
-1
Let a(i) = -5*i**2 - 818*i + 325. Calculate a(-164).
-3
Let q(l) = -l**3 + 371*l**2 + 40733*l + 30013. Give q(-88).
5
Let k(x) = -x**3 + 270*x**2 + 1618*x + 14. Calculate k(-6).
242
Let x(a) = -119*a**2 + 1442*a - 5780. Give x(4).
-1916
Let t(x) = -44*x**2 + 18*x - 327. Give t(10).
-4547
Let l(a) = -41295*a + 495518. What is l(12)?
-22
Let h(w) = -926*w - 23106. Give h(-25).
44
Let y(u) = -3604*u - 439693. Calculate y(-122).
-5
Let j(l) = 12114*l + 2531839. Determine j(-209).
13
Let r(o) = 2*o**3 + 38*o**2 - 15*o - 24. Give r(1).
1
Let h(p) = p**2 + 147*p - 39806. Give h(-285).
-476
Let d(k) = -24*k**2 + 26*k + 13. What is d(-4)?
-475
Let z(g) = 3*g**2 + 359*g - 26367. Determine z(-171).
-33
Let c(f) = -536*f**2 - 2152*f - 17. Determine c(-5).
-2657
Let g(l) = -l**3 + 92*l**2 + 76270*l + 4577. Determine g(326).
13
Let n(y) = -3737*y - 35476. Determine n(-10).
1894
Let y(u) = -u**2 + 1094*u - 228458. What is y(281)?
-5
Let w(i) = -2*i**2 - 75*i - 215. What is w(-37)?
-178
Let q(n) = -28306*n - 339646. Calculate q(-12).
26
Let c(n) = -26230*n + 236360. Determine c(9).
290
Let n(z) = -6*z**2 + 123*z + 1935. What is n(-10)?
105
Let g(l) = -l**3 + 10*l**2 + 495*l - 5062. Calculate g(10).
-112
Let v(i) = 1247566*i - 4990261. What is v(4)?
3
Let y(g) = 10846*g - 10830. Determine y(1).
16
Let k(b) = -9*b**2 - 752*b - 1763. What is k(-81)?
100
Let a(u) = 2*u**3 + 34*u**2 + 73*u + 78. Calculate a(-3).
111
Let x(g) = -6625*g + 46428. What is x(7)?
53
Let b(v) = 604*v + 101472. Determine b(-168).
0
Let z(n) = -150*n**2 + 179*n - 685. Give z(4).
-2369
Let x(m) = -m**3 + 470*m**2 - 5518*m + 271. What is x(12)?
7
Let v(i) = -5545*i - 1696763. Determine v(-306).
7
Let a(q) = -2*q**2 - 178519*q + 892621. What is a(5)?
-24
Let l(z) = -950*z + 29447. What is l(31)?
-3
Let f(c) = 51*c**3 - 13702*c**2 + 9109*c + 805. Determine f(268).
1
Let p(g) = 2215*g - 6818. Give p(3).
-173
Let a(k) = -k**3 + 120*k**2 - 3141*k + 1994. Calculate a(82).
-56
Let a(s) = s**2 - 1087*s - 18752. Give a(-17).
16
Let b(m) = -853*m + 70655. Give b(83).
-144
Let s(v) = -v**3 + 826*v**2 + 26560*v + 6125. Calculate s(857).
126
Let u(w) = -1985*w**2 + 60*w - 92. Give u(1).
-2017
Let b(z) = 14*z**2 + 365*z + 2588. Calculate b(-7).
719
Let p(h) = -5*h**2 - 33567*h - 134230. Give p(-4).
-42
Let a(w) = -11*w**2 - 767827*w - 767827. Calculate a(-1).
-11
Let n(x) = 63*x**2 + 15298*x - 91722. Calculate n(6).
2334
Let q(b) = -2*b**3 + 25*b**2 + 3347*b - 43738. Determine q(13).
-396
Let d(h) = 95*h + 1432. Calculate d(-16).
-88
Let w(t) = 1131*t + 72276. Determine w(-64).
-108
Let q(b) = -b